j. Let s(o) = o**2 - 16*o + 40. Let g be s(13). Give u(g).
-11
Let x(a) = 4*a**2 + 7. Let n(h) = -1. Let u(k) = -6*n(k) - x(k). What is u(1)?
-5
Suppose x + 4 + 1 = -2*t, -2 = 2*x + 2*t. Let h(j) = j**3 + 7*j**2 + 2. Let g be h(-7). Let c(r) = -r**x + r**2 - 4*r**2 - g*r + 4*r + 2. Give c(-2).
-6
Let k be (27/7 + -3)*28/3. Let u(v) = 4*v - 7. Give u(k).
25
Let z be 0 + 1 + -2 + 4. Let n(c) = -2 + 0 - 2*c**2 + 3*c + 0 + 2*c. Determine n(z).
-5
Let m(k) = -1 + k**2 - 2 + 0 + 2*k. Suppose 4*h = 1 + 7. Determine m(h).
5
Let t(x) = -x**3 + 6*x**2 + 2. Suppose -21 = -v + 3*p - 0*p, 0 = 5*p + 25. Give t(v).
2
Suppose 0 = -q + v + 4 + 9, -3*v = -2*q + 30. Suppose r - 4*r + q = 0. Let y(j) = j**r - 2 - 3*j**3 + j**3. Determine y(-2).
6
Let k(n) = 4*n + 1. Let s be -4 - (-2 - (1 - 1)). What is k(s)?
-7
Let q(l) = -18*l + 5 + 5*l + l**2 + 11*l. What is q(4)?
13
Let q(d) = -3*d + 1. Suppose 0 = -4*b - 13 + 25. Calculate q(b).
-8
Let z(k) = 0 + 2*k + 1 + 0 + 0. Determine z(6).
13
Let p be (-10)/(-4) - (-2)/(-4). Suppose 0*y = -2*y + p. Let v(c) = 7*c**2 - 2*c + 1. Let g be v(y). Let l(x) = -x**2 + 7*x - 6. What is l(g)?
0
Let u(t) = t**3 - 14*t**2 + 3*t**2 - 1 - 5*t + 7*t**2. Let h = 10 - 5. Calculate u(h).
-1
Let v(h) = -h**2 - 6. Let x = -17 + 21. Let q(b) = b**2 - 7*b + 8. Let n be q(6). Suppose n*y = 6*y, -2*p - x*y = 0. Give v(p).
-6
Let o(y) be the second derivative of y**4/2 - y**3/6 - 2*y. Give o(1).
5
Suppose 2*f + 1 = 5*d, 5*d + 4*f = 3*f - 8. Let n(p) = -8*p + 9. Let a(h) = -2. Let y(i) = 5*a(i) + n(i). Give y(d).
7
Let z(p) = 6*p + 3 - 2*p**2 + p**2 - 2*p - 5. What is z(3)?
1
Let x(y) = 8*y + 103 - 302 + 102 + 95. Give x(-4).
-34
Suppose -i = -5*x + 2*i - 22, 4*i - 16 = 4*x. Let b(n) be the third derivative of n**6/120 + n**5/15 - n**4/12 + n**3 + 4*n**2. Determine b(x).
-9
Let q be -10 + 1 + 6 + -3. Let w(t) = t + 1. Determine w(q).
-5
Let u(n) = -5*n - 10. Let x(w) = -1. Let r(g) = -u(g) + 6*x(g). What is r(-5)?
-21
Let b(a) = a - 1. Let n = -9 + 15. Suppose -5*f = t - 20, 4*t - n*t + 10 = 4*f. Give b(f).
4
Let x(s) = -1 + 3 + 3*s**3 - 2*s**3. Let o(q) = -2*q**2. Suppose 3*m - 3 = -0*m. Let y be o(m). Give x(y).
-6
Let u = -13 + 14. Let a(p) = p**3 + 5*p**2 + 2*p + 6. Let j(z) = 1. Let q(r) = u*a(r) - 4*j(r). Calculate q(-5).
-8
Let n(s) be the first derivative of s**4/4 - 2*s**3 - 3*s**2 - s + 4. Let j = 0 + 7. Determine n(j).
6
Let b(h) = -h**2 + 4*h + 4. Let q be 2/7 - (-12)/7. Let k = -3 + 8. Suppose -q*d - 12 = -3*c + 1, 0 = 5*c + k*d - 5. Determine b(c).
7
Suppose 0 = -w + 17. Suppose 5*r = -w + 2. Let q(v) be the third derivative of -v**5/60 - 5*v**4/24 - v**3/2 + 3*v**2. Determine q(r).
3
Let b(f) = -f + 1. Let q be 5 - (-2)/1*-1. What is b(q)?
-2
Let v(w) = -1 - 4*w - 1009*w**3 - 3*w**2 + 2*w + 1010*w**3. Determine v(3).
-7
Let s(a) = -a**3 + 4*a**2 + 4*a - 1. Let w(y) = -9 + 2*y + 3 - 5. Let f be w(8). Determine s(f).
-6
Let w(y) be the third derivative of -y**5/120 + y**3/3 + y**2. Let m(u) be the first derivative of w(u). Give m(4).
-4
Let s(p) = p**3 + 3*p**2 - 5*p - 2. Suppose -2*g + 7*g + 20 = 0. Give s(g).
2
Let i(y) = 11 - 3*y + 0*y - 18. Determine i(-5).
8
Let t(z) = -z**2 + 12*z - 4. Suppose -36 = -80*k + 76*k. Determine t(k).
23
Let y(i) = 5*i - 6. Let a(m) = 4*m - 5. Let t(z) = -6*a(z) + 5*y(z). Let j be t(0). Let v(d) = -2 + 3 - 3 - d**3 - d. Calculate v(j).
-2
Suppose -4*k = -7*k + 9. Let c(v) be the second derivative of -v**4/12 + 5*v**3/6 - v**2/2 + v. Calculate c(k).
5
Let v = 5 - 7. Let t be (-7)/((-14)/(-12)) - v. Let p(l) = l**2 + 5*l + 4. Calculate p(t).
0
Suppose -q = -3*q - 6. Let i be (-7)/(-3 - -2) + q. Let z(k) be the first derivative of k**4/4 - k**3 - 5*k**2/2 + k - 1. Give z(i).
-3
Let y(n) be the third derivative of -n**5/60 - n**4/3 - n**3 + 4*n**2. Calculate y(-6).
6
Let y(x) be the second derivative of -x**5/20 - 7*x**4/6 - 2*x**3 + 17*x**2/2 - 36*x. Determine y(-13).
4
Let l(z) = -2*z**2 - 1 + 0 + 4*z**2 + 2*z. Suppose -5*y = 3*w + 12, -w - 7 = 2*y - 2. Calculate l(w).
3
Suppose c = -0*c. Suppose 2*h = 3*h + 5, c = -5*u - 4*h - 10. Let g(y) = -y**2 + 2. Determine g(u).
-2
Suppose b = 2*m + 6*b - 27, -9 = -4*m + 5*b. Let i(k) = -k**3 + 7*k**2 - 7*k. Determine i(m).
-6
Let m(k) = 13*k - 32*k + 1 + 16*k + k**2. Suppose -x + 25 = 4*x. What is m(x)?
11
Let f = 13 - 10. Let p(v) = -v**2 + 2*v + 1. Determine p(f).
-2
Let r(y) = -y + 2. Let l be r(0). Let w(b) = b**2 + 11 - b**2 - b - 2*b**l + 3*b**2. Give w(0).
11
Let a(m) be the second derivative of -m**4/12 + m**3/6 + 3*m**2/2 + 13*m. Suppose 2*j + 5*u + 5 = 0, -2*j - 4 = -j + 4*u. Determine a(j).
3
Let u(g) be the first derivative of -1/2*g**2 + 10*g - 2 + 1/3*g**3. What is u(0)?
10
Let m(v) = -v. Let g be 2/(-1 - -3) + 2. Let n be (-4)/6 + 17/g. What is m(n)?
-5
Let x be 3/4 + (-45)/(-36). Let w(m) = 201*m**3 - 3*m**2 - 202*m**3 - 2 + x*m + 5*m**2. Determine w(3).
-5
Let t(l) = 21*l**3 + 0 + 0 - l - 2*l**3. Calculate t(-1).
-18
Let g(q) = -2*q**3 - q. Let m(o) = 13*o**3 - 4*o**2 + 5*o + 5. Let v(t) = -6*g(t) - m(t). Determine v(4).
-1
Let p(u) = -5*u**3 - u**2 + u. Suppose 4*n + d - 30 = 0, -8 + 0 = -4*d. Let r = 8 - n. Give p(r).
-5
Let g(p) be the first derivative of -p**3/3 + 3*p**2 - 6*p - 30. What is g(6)?
-6
Let o(s) = -s**3 + 3*s**2 + 4*s + 5. Let h(v) = v**3 + 8*v**2 - 11*v - 11. Let p be h(-9). Let k = 11 - p. What is o(k)?
5
Suppose 21 = 3*v - 0. Let a(r) = r**2 + 0*r + 2*r + 6 - v*r. Determine a(4).
2
Let r(f) = f**2 - 6*f + 2. Let d(j) = j**3 + 3*j**2 - 5*j - 4. Let n be d(-3). Let q = -7 + n. Determine r(q).
-6
Let v(u) = -1003*u**2 - u + 0 + 8 - 4*u + 1002*u**2. Give v(-6).
2
Let d(t) be the third derivative of t**6/120 + 2*t**5/15 - 3*t**4/8 + t**3/2 - 11*t**2. What is d(-9)?
3
Let d(a) be the second derivative of -a**6/360 - a**5/120 + 5*a**4/24 + a**3/2 + a. Let k(p) be the second derivative of d(p). What is k(-4)?
-7
Let z(t) = -7*t - 10. Let x(j) = -j - 1. Suppose -4*n + 35 = -9*n - d, 5*n - 5*d = -5. Let w(b) = n*x(b) + z(b). Give w(4).
-8
Let a = 22 - 12. Let k = -6 + a. Let q(b) = b - 3. Let d be q(k). Let l(f) = 7*f**2 + 2*f - 1. Calculate l(d).
8
Let d = 18601/60 - 310. Let g(b) be the third derivative of 4*b**2 + 1/12*b**4 + 0*b + 0*b**3 + 0 + d*b**5. Calculate g(-3).
3
Suppose -3*d + 5 = -5*y, -5*y - 20 = -5*d - 5. Let i(m) = -5*m + y*m - 2*m**2 + 2*m. Let x be (3/(-1) + 2)*1. Determine i(x).
-1
Let s(t) = -t + 5. Let o(k) = -k + 6. Let i(w) = 5*o(w) - 6*s(w). Determine i(-3).
-3
Let x(s) = 2*s + 1. Let i = 22 + -16. Let d = i - 1. Suppose 0 = -d*p - 0 + 5. Calculate x(p).
3
Let l(c) = -c**3 + 4*c**2 + 5*c - 6. Suppose -3*n - 8 = -4*i - 0, -3*n + 27 = 3*i. Determine l(n).
14
Let i(q) = 2 + 5 - 4 - 5*q + q**3 + 5*q**2. Let p(s) be the first derivative of -s**4/4 - 3*s**3 - 6*s + 6. Let n be p(-9). Calculate i(n).
-3
Let x(s) = -5*s - 3*s + 6 + 7*s. Determine x(6).
0
Let d = -9 + 5. Let z(n) = -3*n**3 + 5*n**2 + 7*n + 1. Let a(w) = -2*w**3 + 2*w**2 + 4*w + 1. Let k(v) = -5*a(v) + 3*z(v). Give k(d).
10
Let w(i) = -i**3 + 5*i**2 - 3*i - 3. Let a be (1 + -4)/((-1)/(-2)). Let u be 4/a*36/(-8). Give w(u).
6
Let j(x) = x - 1. Let o(z) = -z**2 - 12*z + 12. Let q(n) = -6*j(n) - o(n). Give q(-5).
-11
Suppose 0 = -i - 2*d + 11, 6 = -2*i + 3*d - 7. Let o = i + -3. Let m(u) = -u + 5. Let f(t) = -6*t + 24. Let k(n) = -3*f(n) + 14*m(n). Calculate k(o).
-10
Let r = 8 + -14. Let w(i) = -i**2 - 7*i - 2. Let f be w(r). Suppose 0 = 3*h - a, -2*a + a + 7 = f*h. Let v(j) = -4*j**2 - j. What is v(h)?
-5
Let a be 0 - (0 - 6/4). Let b(r) be the second derivative of 2*r + 0 - a*r**2 + 1/6*r**3. Give b(3).
0
Let a be (11 - 10) + -2*2. Let z(w) = w**2 + 8*w + 4. Let q(v) = v**2 + 7*v + 4. Let x(p) = -3*q(p) + 2*z(p). What is x(a)?
2
Let d(w) be the third derivative of 0 + 1/15*w**5 - 1/12*w**4 + 0*w - w**2 - 1/120*w**6 + 1/3*w**3. Suppose 4 = -3*u + 13. What is d(u)?
5
Let a be (-2)/(-4) - 27/6. Let c be 15*-1*a/(-12). Let f(t) = -t**2 - 4*t + 3. Give f(c).
-2
Let h(v) = -v + 7. Let t be h(5). Let k(z) = t - z - 4 + 5 - 1. What is k(-2)?
4
Let v(a) = 4*a**3 - 2*a**2 - 4*a - 4. Let o(h) = h**3 - h - 1. Let f(t) = -5*o(t) + v(t). Calculate f(-3).
7
Let s(t) = -t + 3. Let k be s(-9). Suppose -4*z + 7*z = k. Let q(w) = -5*w + z - 3 + 0*w. Give q(1).
-4
Le